
{"id":40364,"date":"2022-04-14T15:22:57","date_gmt":"2022-04-14T13:22:57","guid":{"rendered":"http:\/\/castegnaro.preprod.web-sites.lu\/?page_id=40364"},"modified":"2025-10-07T12:54:14","modified_gmt":"2025-10-07T10:54:14","slug":"jobdescription","status":"publish","type":"page","link":"https:\/\/castegnaro.preprod.web-sites.lu\/en\/jobdescription\/","title":{"rendered":"jobDescription"},"content":{"rendered":"<div name=\"module-insight-bloc-paragraph\" class=\"container-px-25 mt-30 paragraph-body-small lg:mt-20 lg:text-20\">\n    \n    <p class=\"p1\" style=\"text-align: center;\"><b>\u00a0 \u00a0 \u00a0 \u00a0 \u00a0 \u00a0 \u00a0CASTEGNARO<\/b> cherche un(e)\u00a0:<\/p>\n<p class=\"p3\" style=\"text-align: center;\"><b>\u00a0 \u00a0 \u00a0 \u00a0 \u00a0 <strong>un(e) Avocat ou Avocat \u00e0 la Cour<\/strong><\/b><\/p>\n<p style=\"text-align: center;\"><strong>\u00a0 \u00a0 \u00a0 \u00a0 \u00a0 \u00a0avec une exp\u00e9rience en droit du travail d\u2019au moins 2 \u00e0 3 ans<\/strong><\/p>\n<p>&nbsp;<\/p>\n<p><strong><u>Ce que nous vous offrons\u00a0:<\/u><\/strong><\/p>\n<p>&nbsp;<\/p>\n<ul>\n<li>Ambiance conviviale et propice aux \u00e9changes\u00a0;<\/li>\n<li>Libert\u00e9 dans l\u2019organisation et la gestion du travail et des horaires\u00a0;<\/li>\n<li>T\u00e9l\u00e9travail possible\u00a0;<\/li>\n<li>R\u00e9mun\u00e9ration attractive et avantages\u00a0;<\/li>\n<li>Partage d\u2019exp\u00e9rience et soutien r\u00e9ciproque de nos collaborateurs, tous passionn\u00e9s par le droit du travail, dans un environnement stimulant et collaboratif\u00a0;<\/li>\n<li>Dossiers passionnants, souvent au c\u0153ur de l\u2019actualit\u00e9 nationale, sur tous les aspects juridiques de la relation de travail\u00a0: droit du travail, s\u00e9curit\u00e9 sociale, protection des donn\u00e9es personnelles, immigration, droit des soci\u00e9t\u00e9s, imposition de la r\u00e9mun\u00e9ration, pensions\u2026\u00a0;<\/li>\n<li>Dossiers internationaux\u00a0;<\/li>\n<li>Conseil comme contentieux ;<\/li>\n<li>Possibilit\u00e9s de stages \u00e0 l\u2019\u00e9tranger aupr\u00e8s des cabinets de notre alliance internationale Ius Laboris.<\/li>\n<\/ul>\n<p>&nbsp;<\/p>\n<p><strong><u>Nous cherchons\u00a0:<\/u><\/strong><\/p>\n<ul>\n<li>Vous souhaitez d\u00e9velopper votre exp\u00e9rience des probl\u00e9matiques juridiques li\u00e9es \u00e0 la relation de travail au Luxembourg ;<\/li>\n<li>Vous ma\u00eetrisez, \u00e0 l\u2019\u00e9crit comme \u00e0 l\u2019oral, le fran\u00e7ais et l\u2019anglais ; toute connaissance d\u2019une autre langue, comme l\u2019allemand et le luxembourgeois, serait un atout ;<\/li>\n<li>Vous avez une grande curiosit\u00e9 intellectuelle et une excellente analyse juridique\u00a0;<\/li>\n<li>Vous appr\u00e9ciez de travailler seul(e), comme en \u00e9quipe\u00a0;<\/li>\n<li>Vous \u00eates organis\u00e9(e) et flexible\u2026<\/li>\n<\/ul>\n<p>&nbsp;<\/p>\n<p><strong><em>\u2026 Soyez le\/la bienvenu(e)\u00a0!<\/em><\/strong><\/p>\n<ul>\n<li>Pour postuler, envoyez votre CV, ainsi que votre lettre de motivation, \u00e0 <a href=\"mailto:work@castegnaro.lu\">work@castegnaro.lu<\/a>, pour une entr\u00e9e en fonction rapide.<\/li>\n<\/ul>\n<p>&nbsp;<\/p>\n<p>&nbsp;<\/p>\n   \n<\/div>","protected":false},"excerpt":{"rendered":"","protected":false},"author":1,"featured_media":0,"parent":0,"menu_order":0,"comment_status":"closed","ping_status":"closed","template":"jobDescription.php","meta":{"footnotes":""},"class_list":["post-40364","page","type-page","status-publish","hentry","entry"],"_links":{"self":[{"href":"https:\/\/castegnaro.preprod.web-sites.lu\/en\/wp-json\/wp\/v2\/pages\/40364","targetHints":{"allow":["GET"]}}],"collection":[{"href":"https:\/\/castegnaro.preprod.web-sites.lu\/en\/wp-json\/wp\/v2\/pages"}],"about":[{"href":"https:\/\/castegnaro.preprod.web-sites.lu\/en\/wp-json\/wp\/v2\/types\/page"}],"author":[{"embeddable":true,"href":"https:\/\/castegnaro.preprod.web-sites.lu\/en\/wp-json\/wp\/v2\/users\/1"}],"replies":[{"embeddable":true,"href":"https:\/\/castegnaro.preprod.web-sites.lu\/en\/wp-json\/wp\/v2\/comments?post=40364"}],"version-history":[{"count":30,"href":"https:\/\/castegnaro.preprod.web-sites.lu\/en\/wp-json\/wp\/v2\/pages\/40364\/revisions"}],"predecessor-version":[{"id":42626,"href":"https:\/\/castegnaro.preprod.web-sites.lu\/en\/wp-json\/wp\/v2\/pages\/40364\/revisions\/42626"}],"wp:attachment":[{"href":"https:\/\/castegnaro.preprod.web-sites.lu\/en\/wp-json\/wp\/v2\/media?parent=40364"}],"curies":[{"name":"wp","href":"https:\/\/api.w.org\/{rel}","templated":true}]}}

<div name="module-insight-bloc-paragraph" class="container-px-25 mt-30 paragraph-body-small lg:mt-20 lg:text-20">
    
    <p class="p1" style="text-align: center;"><b>             CASTEGNARO</b> cherche un(e) :</p>
<p class="p3" style="text-align: center;"><b>          <strong>un(e) Avocat ou Avocat à la Cour</strong></b></p>
<p style="text-align: center;"><strong>           avec une expérience en droit du travail d’au moins 2 à 3 ans</strong></p>
<p>&nbsp;</p>
<p><strong><u>Ce que nous vous offrons :</u></strong></p>
<p>&nbsp;</p>
<ul>
<li>Ambiance conviviale et propice aux échanges ;</li>
<li>Liberté dans l’organisation et la gestion du travail et des horaires ;</li>
<li>Télétravail possible ;</li>
<li>Rémunération attractive et avantages ;</li>
<li>Partage d’expérience et soutien réciproque de nos collaborateurs, tous passionnés par le droit du travail, dans un environnement stimulant et collaboratif ;</li>
<li>Dossiers passionnants, souvent au cœur de l’actualité nationale, sur tous les aspects juridiques de la relation de travail : droit du travail, sécurité sociale, protection des données personnelles, immigration, droit des sociétés, imposition de la rémunération, pensions… ;</li>
<li>Dossiers internationaux ;</li>
<li>Conseil comme contentieux ;</li>
<li>Possibilités de stages à l’étranger auprès des cabinets de notre alliance internationale Ius Laboris.</li>
</ul>
<p>&nbsp;</p>
<p><strong><u>Nous cherchons :</u></strong></p>
<ul>
<li>Vous souhaitez développer votre expérience des problématiques juridiques liées à la relation de travail au Luxembourg ;</li>
<li>Vous maîtrisez, à l’écrit comme à l’oral, le français et l’anglais ; toute connaissance d’une autre langue, comme l’allemand et le luxembourgeois, serait un atout ;</li>
<li>Vous avez une grande curiosité intellectuelle et une excellente analyse juridique ;</li>
<li>Vous appréciez de travailler seul(e), comme en équipe ;</li>
<li>Vous êtes organisé(e) et flexible…</li>
</ul>
<p>&nbsp;</p>
<p><strong><em>… Soyez le/la bienvenu(e) !</em></strong></p>
<ul>
<li>Pour postuler, envoyez votre CV, ainsi que votre lettre de motivation, à <a href="mailto:work@castegnaro.lu">work@castegnaro.lu</a>, pour une entrée en fonction rapide.</li>
</ul>
<p>&nbsp;</p>
<p>&nbsp;</p>
   
</div>
